{"id":41,"date":"2024-05-04T18:03:20","date_gmt":"2024-05-04T15:03:20","guid":{"rendered":"https:\/\/kiralikvinc.web.tr\/?page_id=41"},"modified":"2024-05-04T22:16:14","modified_gmt":"2024-05-04T19:16:14","slug":"iletisim","status":"publish","type":"page","link":"https:\/\/malatya.kiralikvinc.web.tr\/index.php\/iletisim\/","title":{"rendered":"\u0130leti\u015fim"},"content":{"rendered":"\n<h1>\u0130leti\u015fim<\/h1> <p>Bizimle ileti\u015fime ge\u00e7mek i\u00e7in a\u015fa\u011f\u0131daki ileti\u015fim bilgilerinden herhangi birini kullanabilirsiniz.<\/p> <h2>\u0130leti\u015fim Bilgileri<\/h2> <p>Telefon: <a href=\"tel:+905366479351\">0536 647 93 51<\/a> &#8211; <a href=\"tel:+905468269571\">0546 826 95 71<\/a><\/p> <p>E-posta: <a href=\"mailto:info@malatya.kiralikvinc.web.tr\">info@malatya.kiralikvinc.web.tr<\/a><\/p> <h2>Adres<\/h2> <p>Malatya Kiral\u0131k Vin\u00e7<\/p> <p>Ye\u015filyurt, Malatya &#8211; Merkez <\/p> <p>Malatya, T\u00fcrkiye<\/p> <h2>\u0130leti\u015fim Formu<\/h2> <p>A\u015fa\u011f\u0131daki ileti\u015fim formunu doldurarak bize mesaj g\u00f6nderebilirsiniz:<\/p> <form action=\"submit_form.php\" method=\"POST\"> <label for=\"name\">Ad\u0131n\u0131z:<\/label><br> <input type=\"text\" id=\"name\" name=\"name\" required><br><br> <label for=\"email\">E-posta Adresiniz:<\/label><br> <input type=\"email\" id=\"email\" name=\"email\" required><br><br> <label for=\"message\">Mesaj\u0131n\u0131z:<\/label><br> <textarea id=\"message\" name=\"message\" required><\/textarea><br><br> <input type=\"submit\" value=\"G\u00f6nder\"> <\/form>\n","protected":false},"excerpt":{"rendered":"<p>\u0130leti\u015fim Bizimle ileti\u015fime ge\u00e7mek i\u00e7in a\u015fa\u011f\u0131daki ileti\u015fim bilgilerinden herhangi birini kullanabilirsiniz. \u0130leti\u015fim Bilgileri Telefon: 0536 647 93 51 &#8211; 0546 826 95 71 E-posta: info@malatya.kiralikvinc.web.tr Adres Malatya Kiral\u0131k Vin\u00e7 Ye\u015filyurt, Malatya &#8211; Merkez Malatya, T\u00fcrkiye \u0130leti\u015fim Formu A\u015fa\u011f\u0131daki ileti\u015fim formunu doldurarak bize mesaj g\u00f6nderebilirsiniz: Ad\u0131n\u0131z: E-posta Adresiniz: Mesaj\u0131n\u0131z:<\/p>\n","protected":false},"author":1,"featured_media":0,"parent":0,"menu_order":0,"comment_status":"closed","ping_status":"closed","template":"","meta":{"footnotes":""},"class_list":["post-41","page","type-page","status-publish","hentry"],"yoast_head":"<!-- This site is optimized with the Yoast SEO plugin v22.6 - https:\/\/yoast.com\/wordpress\/plugins\/seo\/ -->\n<title>\u0130leti\u015fim - Malatya Kiral\u0131k Vin\u00e7<\/title>\n<meta name=\"description\" content=\"Malatya Kiral\u0131k Vin\u00e7 ve Malatya Vin\u00e7 Kiralama \u0130leti\u015fim Numaralar\u0131m\u0131z a\u015fa\u011f\u0131da bulunmaktad\u0131r. Malatya ve \u00e7evre illere hizmet vermekteyiz.\" \/>\n<meta name=\"robots\" content=\"index, follow, max-snippet:-1, max-image-preview:large, max-video-preview:-1\" \/>\n<link rel=\"canonical\" href=\"https:\/\/malatya.kiralikvinc.web.tr\/index.php\/iletisim\/\" \/>\n<meta property=\"og:locale\" content=\"tr_TR\" \/>\n<meta property=\"og:type\" content=\"article\" \/>\n<meta property=\"og:title\" content=\"\u0130leti\u015fim - Malatya Kiral\u0131k Vin\u00e7\" \/>\n<meta property=\"og:description\" content=\"Malatya Kiral\u0131k Vin\u00e7 ve Malatya Vin\u00e7 Kiralama \u0130leti\u015fim Numaralar\u0131m\u0131z a\u015fa\u011f\u0131da bulunmaktad\u0131r. Malatya ve \u00e7evre illere hizmet vermekteyiz.\" \/>\n<meta property=\"og:url\" content=\"https:\/\/malatya.kiralikvinc.web.tr\/index.php\/iletisim\/\" \/>\n<meta property=\"og:site_name\" content=\"Malatya Kiral\u0131k Vin\u00e7\" \/>\n<meta property=\"article:modified_time\" content=\"2024-05-04T19:16:14+00:00\" \/>\n<meta name=\"twitter:card\" content=\"summary_large_image\" \/>\n<meta name=\"twitter:label1\" content=\"Tahmini okuma s\u00fcresi\" \/>\n\t<meta name=\"twitter:data1\" content=\"1 dakika\" \/>\n<script type=\"application\/ld+json\" class=\"yoast-schema-graph\">{\"@context\":\"https:\/\/schema.org\",\"@graph\":[{\"@type\":\"WebPage\",\"@id\":\"https:\/\/malatya.kiralikvinc.web.tr\/index.php\/iletisim\/\",\"url\":\"https:\/\/malatya.kiralikvinc.web.tr\/index.php\/iletisim\/\",\"name\":\"\u0130leti\u015fim - Malatya Kiral\u0131k Vin\u00e7\",\"isPartOf\":{\"@id\":\"https:\/\/malatya.kiralikvinc.web.tr\/#website\"},\"datePublished\":\"2024-05-04T15:03:20+00:00\",\"dateModified\":\"2024-05-04T19:16:14+00:00\",\"description\":\"Malatya Kiral\u0131k Vin\u00e7 ve Malatya Vin\u00e7 Kiralama \u0130leti\u015fim Numaralar\u0131m\u0131z a\u015fa\u011f\u0131da bulunmaktad\u0131r. Malatya ve \u00e7evre illere hizmet vermekteyiz.\",\"breadcrumb\":{\"@id\":\"https:\/\/malatya.kiralikvinc.web.tr\/index.php\/iletisim\/#breadcrumb\"},\"inLanguage\":\"tr\",\"potentialAction\":[{\"@type\":\"ReadAction\",\"target\":[\"https:\/\/malatya.kiralikvinc.web.tr\/index.php\/iletisim\/\"]}]},{\"@type\":\"BreadcrumbList\",\"@id\":\"https:\/\/malatya.kiralikvinc.web.tr\/index.php\/iletisim\/#breadcrumb\",\"itemListElement\":[{\"@type\":\"ListItem\",\"position\":1,\"name\":\"Anasayfa\",\"item\":\"https:\/\/malatya.kiralikvinc.web.tr\/\"},{\"@type\":\"ListItem\",\"position\":2,\"name\":\"\u0130leti\u015fim\"}]},{\"@type\":\"WebSite\",\"@id\":\"https:\/\/malatya.kiralikvinc.web.tr\/#website\",\"url\":\"https:\/\/malatya.kiralikvinc.web.tr\/\",\"name\":\"Malatya Kiral\u0131k Vin\u00e7\",\"description\":\"\",\"potentialAction\":[{\"@type\":\"SearchAction\",\"target\":{\"@type\":\"EntryPoint\",\"urlTemplate\":\"https:\/\/malatya.kiralikvinc.web.tr\/?s={search_term_string}\"},\"query-input\":\"required name=search_term_string\"}],\"inLanguage\":\"tr\"}]}<\/script>\n<!-- \/ Yoast SEO plugin. -->","yoast_head_json":{"title":"\u0130leti\u015fim - Malatya Kiral\u0131k Vin\u00e7","description":"Malatya Kiral\u0131k Vin\u00e7 ve Malatya Vin\u00e7 Kiralama \u0130leti\u015fim Numaralar\u0131m\u0131z a\u015fa\u011f\u0131da bulunmaktad\u0131r. Malatya ve \u00e7evre illere hizmet vermekteyiz.","robots":{"index":"index","follow":"follow","max-snippet":"max-snippet:-1","max-image-preview":"max-image-preview:large","max-video-preview":"max-video-preview:-1"},"canonical":"https:\/\/malatya.kiralikvinc.web.tr\/index.php\/iletisim\/","og_locale":"tr_TR","og_type":"article","og_title":"\u0130leti\u015fim - Malatya Kiral\u0131k Vin\u00e7","og_description":"Malatya Kiral\u0131k Vin\u00e7 ve Malatya Vin\u00e7 Kiralama \u0130leti\u015fim Numaralar\u0131m\u0131z a\u015fa\u011f\u0131da bulunmaktad\u0131r. Malatya ve \u00e7evre illere hizmet vermekteyiz.","og_url":"https:\/\/malatya.kiralikvinc.web.tr\/index.php\/iletisim\/","og_site_name":"Malatya Kiral\u0131k Vin\u00e7","article_modified_time":"2024-05-04T19:16:14+00:00","twitter_card":"summary_large_image","twitter_misc":{"Tahmini okuma s\u00fcresi":"1 dakika"},"schema":{"@context":"https:\/\/schema.org","@graph":[{"@type":"WebPage","@id":"https:\/\/malatya.kiralikvinc.web.tr\/index.php\/iletisim\/","url":"https:\/\/malatya.kiralikvinc.web.tr\/index.php\/iletisim\/","name":"\u0130leti\u015fim - Malatya Kiral\u0131k Vin\u00e7","isPartOf":{"@id":"https:\/\/malatya.kiralikvinc.web.tr\/#website"},"datePublished":"2024-05-04T15:03:20+00:00","dateModified":"2024-05-04T19:16:14+00:00","description":"Malatya Kiral\u0131k Vin\u00e7 ve Malatya Vin\u00e7 Kiralama \u0130leti\u015fim Numaralar\u0131m\u0131z a\u015fa\u011f\u0131da bulunmaktad\u0131r. Malatya ve \u00e7evre illere hizmet vermekteyiz.","breadcrumb":{"@id":"https:\/\/malatya.kiralikvinc.web.tr\/index.php\/iletisim\/#breadcrumb"},"inLanguage":"tr","potentialAction":[{"@type":"ReadAction","target":["https:\/\/malatya.kiralikvinc.web.tr\/index.php\/iletisim\/"]}]},{"@type":"BreadcrumbList","@id":"https:\/\/malatya.kiralikvinc.web.tr\/index.php\/iletisim\/#breadcrumb","itemListElement":[{"@type":"ListItem","position":1,"name":"Anasayfa","item":"https:\/\/malatya.kiralikvinc.web.tr\/"},{"@type":"ListItem","position":2,"name":"\u0130leti\u015fim"}]},{"@type":"WebSite","@id":"https:\/\/malatya.kiralikvinc.web.tr\/#website","url":"https:\/\/malatya.kiralikvinc.web.tr\/","name":"Malatya Kiral\u0131k Vin\u00e7","description":"","potentialAction":[{"@type":"SearchAction","target":{"@type":"EntryPoint","urlTemplate":"https:\/\/malatya.kiralikvinc.web.tr\/?s={search_term_string}"},"query-input":"required name=search_term_string"}],"inLanguage":"tr"}]}},"_links":{"self":[{"href":"https:\/\/malatya.kiralikvinc.web.tr\/index.php\/wp-json\/wp\/v2\/pages\/41","targetHints":{"allow":["GET"]}}],"collection":[{"href":"https:\/\/malatya.kiralikvinc.web.tr\/index.php\/wp-json\/wp\/v2\/pages"}],"about":[{"href":"https:\/\/malatya.kiralikvinc.web.tr\/index.php\/wp-json\/wp\/v2\/types\/page"}],"author":[{"embeddable":true,"href":"https:\/\/malatya.kiralikvinc.web.tr\/index.php\/wp-json\/wp\/v2\/users\/1"}],"replies":[{"embeddable":true,"href":"https:\/\/malatya.kiralikvinc.web.tr\/index.php\/wp-json\/wp\/v2\/comments?post=41"}],"version-history":[{"count":3,"href":"https:\/\/malatya.kiralikvinc.web.tr\/index.php\/wp-json\/wp\/v2\/pages\/41\/revisions"}],"predecessor-version":[{"id":93,"href":"https:\/\/malatya.kiralikvinc.web.tr\/index.php\/wp-json\/wp\/v2\/pages\/41\/revisions\/93"}],"wp:attachment":[{"href":"https:\/\/malatya.kiralikvinc.web.tr\/index.php\/wp-json\/wp\/v2\/media?parent=41"}],"curies":[{"name":"wp","href":"https:\/\/api.w.org\/{rel}","templated":true}]}}